l + 5 - 1 - 7 + 2. Let g(u) = -7*u - 1. Let f(q) = -4*g(q) + 5*o(q). Determine f(-3).
5
Let n(z) be the first derivative of -3*z**2/2 - 6*z - 5. Give n(-5).
9
Let t(l) = l - 1. Suppose 3*o - 17 = 22. Suppose -3*c - 3*b - o = 14, 6 = -2*b. Determine t(c).
-7
Let r(y) = -3*y - 2*y + 3*y + 0 + 5. Let v be 5 + (-1)/(1/1). What is r(v)?
-3
Suppose 2*x + x = 0. Suppose g + g = x. Suppose -3*n = -g + 6. Let k(i) = i**2 + 2*i + 1. Give k(n).
1
Suppose -5*h - 8 = -4*k + 5*k, 0 = 3*h + 3. Let z(p) = -2*p - 2. Determine z(k).
4
Let r(z) = 16*z - 22*z + 0 + 6 + 8*z**2 + 4 - z**3. Give r(7).
17
Let n(z) = z**2 - z. Let x(b) = 3*b**3 + 2*b**2 - 7*b + 3. Let k(v) = 4*n(v) - x(v). Determine k(2).
-13
Let x(q) = -q**3 - 5*q**2 - 2*q. Suppose 22 = 5*m + 4*h - 14, m + 5*h = 24. Suppose 81 = 3*n + 57. Suppose 0 = -m*g - 28 + n. Calculate x(g).
10
Suppose 3*i = -0*i - 9, 3*i = -4*x + 27. Let d = x - 4. Suppose 0 = -w + 6*w + d. Let b(u) = u + 1. Determine b(w).
0
Let v(f) = -f**3 + 26*f**2 + 28*f - 34. Let y be v(27). Let r(a) = -a**2 - 8*a - 3. Give r(y).
4
Let s(f) = -f**3 + 1 + 3*f**3 + 2*f**2 - f + 0*f**3 + 1. Let b = 7 + -4. Suppose m = 6*m - 5*o + 5, -o = m + b. Determine s(m).
-4
Suppose -4*c - 31 + 15 = 0. Let b(q) = -q**2 - 2*q - 2. Calculate b(c).
-10
Suppose 0 = 2*y + 2*h, 5*y - 6 - 12 = h. Let u(i) be the second derivative of 2/3*i**y + 1/6*i**4 + 3*i + 0 - 5/2*i**2. Determine u(-4).
11
Let o be 1 + 2 + 3/(-3). Suppose -o*b - 5*x - 17 = -b, -3*b + 2*x + 17 = 0. Let n(m) = 3*m - 1. Calculate n(b).
8
Suppose 0 = -0*t - 3*t. Let u = 12 - 8. Let a(g) = 3*g - 3*g - u + g. Give a(t).
-4
Let c(u) = u**3 + 2*u**2 + u - 3. Suppose -4*t - 5*m - 22 = 0, t - 3*m = 3 - 0. Determine c(t).
-15
Let i(s) = s + 2. Let z = -1 - -3. Let r(u) = -2 - 3 - u**3 - 6*u + 6 + 6*u**z. Let y be r(5). Calculate i(y).
-2
Suppose -1 - 7 = 2*c. Let a = -2 - c. Let y(l) = l**3 - 2*l**2 - 2*l + 2. Calculate y(a).
-2
Suppose 20 = 4*z - 8. Let c(i) = -z*i - 1 + 14*i + 0*i - 6*i. Calculate c(-3).
-4
Let h(t) = 2*t**2 + 5*t + 4. Let m(z) = 2*z + 3. Let j be m(-4). Let o(x) = -x**2 + 6*x - 6. Let a be o(4). Let i = j + a. Give h(i).
7
Let j(o) = -13*o**2 - 6 - 11*o**2 - 2 + 25*o**2 + 6*o. Calculate j(-8).
8
Suppose 0*q - 6 = q. Let n(d) = 4*d**3 + 3*d**2 + 2*d + 8. Let o(l) = 9*l**3 + 5*l**2 + 4*l + 17. Let j(x) = 7*n(x) - 3*o(x). Determine j(q).
-7
Let i(y) = -y**3 - 5*y**2 - 3*y + 5. Suppose -2 = 4*l - 10. Suppose -3*r = 4*o + l*r + 6, -10 = 5*o + 5*r. Give i(o).
1
Let d(z) = z**3 + 6*z**2 + 8*z + 5. Let q = -40 + 35. Calculate d(q).
-10
Suppose -17 = 2*i + 3*y, -3*i - 31 + 7 = 4*y. Let c be (-34)/i + (-1)/2. Suppose 0 = u - 3*u + c. Let o(z) = 2*z. What is o(u)?
8
Let p(f) = -2 + 9*f - 3 - f**2 + 1 + 0*f**2. What is p(4)?
16
Let h(m) = 2 - 6 + 2*m - m - 3. Suppose -2*n - 3*q + 20 = 2*n, -2*q + 5 = n. Determine h(n).
-2
Let p be 1 - 6*2/(-3). Let n(l) = -9 - 10*l**2 + 2*l - 2 + p*l**2. Let b(z) = -2*z**2 + z - 5. Let f(q) = -7*b(q) + 3*n(q). What is f(-3)?
-4
Let v(z) be the third derivative of z**6/120 + z**5/30 - z**4/6 - z**3/3 - z**2. Let d be -9*((-8)/(-6) + -1). What is v(d)?
1
Let h(b) = 3 + 6*b**2 + b - 3*b**2 - 4. Determine h(-2).
9
Let a(j) = j**2 + 6*j + 2. Suppose 30 + 14 = 4*l. Suppose 5*p + 4*z - 3 + 9 = 0, 2*z = -p - 6. Suppose l - 3 = -p*x. What is a(x)?
-6
Let l(r) = -r**3 + 5*r**2 - 3*r - 1. Suppose -18 = -4*n + 10. Suppose 4*u = 6 + 10. Suppose 0 = -j + n - u. Calculate l(j).
8
Let s = 53 + -59. Let l(f) = 6*f + 7. Let m(x) = x + 1. Let n(o) = l(o) - 5*m(o). Determine n(s).
-4
Let n(o) = o - 1. Let y = -77 + 74. Determine n(y).
-4
Let q(m) be the first derivative of -m**3/2 - 5*m**2/2 + m + 3. Let d(c) be the first derivative of q(c). Let z be 2 + -1 + 10/(-2). Calculate d(z).
7
Suppose 0 = 3*i - 3*m - 21, -5*i = -0*i + m - 5. Let w(k) be the first derivative of 1/4*k**4 + 7*k + 1/2*k**2 + 1/3*k**3 + i. What is w(0)?
7
Let p(m) = -m**2 - 8*m - 4. Suppose 0 = 4*j + 8, 0 = -5*c - 0*j + 2*j - 26. Determine p(c).
8
Suppose 8*p = 6*p. Let s(i) = i**3 - i**2 + i - 5. Calculate s(p).
-5
Let w(k) = -8 - k - 1 + 2*k. Let m be w(8). Let i(r) = 3*r - 1. What is i(m)?
-4
Let r = -7/24 + 3/8. Let k(b) be the second derivative of 1/6*b**3 + 0 - 2*b + 1/20*b**5 - r*b**4 - 2*b**2. Calculate k(0).
-4
Let d(h) = 2*h**2 + h. Let c = -17 - -15. Let j be d(c). Let a(o) = o**2 - 6*o - 4. What is a(j)?
-4
Let q(o) = 2*o - 8. Let v be q(7). Let p(j) be the second derivative of j**5/20 - 5*j**4/12 - 5*j**3/6 + 2*j**2 + j. Give p(v).
10
Let j(y) = -8*y. Let v(x) = -x. Let s(z) = 2*j(z) - 14*v(z). Let c = 0 - 2. Calculate s(c).
4
Suppose 5*t + 15 = 0, t + t = -2*u - 12. Let l(v) be the first derivative of -3*v - 6 + 3 + 3 - v**2 - 4. What is l(u)?
3
Let g(z) = -z + 14. Let c be g(12). Suppose 26 = 5*w + 4*p, 5*w - c = 2*p - 0*p. Let o(t) = -t**w + 8 - 2 + 0*t + 8*t - 3*t. Give o(5).
6
Let g(s) = -s - 1. Let v be g(-3). Let f be 0*(-1 + 2 - v). Let l(x) = -2*x**3 - x + 0 + f*x + 3*x + 1. Calculate l(-1).
1
Let x(i) = -i**3 + 5*i**2 + 2*i + 7. Let y be 0*((-15)/(-6) - 3) + 5. Calculate x(y).
17
Let c(g) be the third derivative of g**6/120 + g**5/10 - g**4/24 + 4*g**2. Calculate c(-6).
6
Let a(s) be the first derivative of -2*s**2 - 3*s - 9. What is a(-3)?
9
Let g = -11 + 11. Let s(k) = g*k**2 + k**2 - 39*k - 2 + 37*k. Determine s(4).
6
Let b(d) = -d**3 + 2*d**2 + d. Let x be 1 + (-2)/((-8)/4). Let t be b(x). Let f(g) = -2*g**2 - g + 2. Give f(t).
-8
Let h(o) = -o + 12. Let l be ((-1)/(-2))/(25/250). Determine h(l).
7
Let u(x) = x - 9. Let a = -164 - -172. Give u(a).
-1
Let t(z) be the third derivative of -z**6/120 - z**5/30 - z**4/12 - z**3/3 - 8*z**2. What is t(-2)?
2
Let k = 0 + 1. Let m be 24/(-10) + 2/5. Let u = k + m. Let l(q) = -q**3 - 2*q**2 - q. Calculate l(u).
0
Let w be (15/(-12))/((-1)/4). Suppose 3*x - 4 = w. Let f(g) = 11*g**2 + g - 2*g**3 - 8*g**2 - 2*g + g**x + 4. Calculate f(3).
1
Suppose -4*b + 55 = -5. Suppose -q = -b + 3. Suppose -q = -0*m + 3*m. Let d(k) = -k**2 - 5*k - 3. Determine d(m).
1
Let l(f) = f**3 - f**2 - 2*f - 3. Let u = 2 - -1. Calculate l(u).
9
Suppose -3*u + 3*d - d + 28 = 0, -5*d = 10. Let b = u - 3. Let i(g) be the first derivative of -g**3/3 + 3*g**2 - 7*g + 1. Calculate i(b).
-2
Let b(s) = s**2 - 7*s + 5. Suppose -4*c = j - 14, 0 = -4*j - 0*j + 5*c - 7. Let l(x) = 3*x - 1. Let q be l(j). Give b(q).
-5
Suppose -4*u - 3*f - 30 = 0, -8 + 0 = 4*f. Let t(j) = 6 - 5*j + 12*j + j**2 + 1. What is t(u)?
1
Suppose 4 = 5*q - 1. Let c = -1 - -4. Let j(t) = 16*t**3 - t**2 + 0*t**2 + t - 14*t**c. What is j(q)?
2
Let a(u) be the second derivative of u**5/20 - u**4/3 - 2*u**3/3 + 3*u**2 - u. Let i be 1 - ((-1 - -1) + -3 + 0). Determine a(i).
-10
Let z(b) = b - 1. Let i(g) be the third derivative of -5*g**4/24 + g**3 + 4*g**2. Let u(a) = -i(a) - 4*z(a). Give u(2).
0
Let j(g) be the third derivative of g**4/4 + 5*g**3/6 + 6*g**2. Let q(z) = 31*z + 25. Let n(y) = -11*j(y) + 2*q(y). What is n(-4)?
11
Let b be 11/(-3) - 1/3. Let w(d) = 13 + 6*d**3 - 4 - 7*d**2 - 3*d**3 - 2*d**2 + 2*d. Let a(r) = r**3 - r**2 + r + 1. Let z(v) = 4*a(v) - w(v). Determine z(b).
3
Let b be 3 + (1 - 6) + 7. Suppose -b*t + 4 = -1. Let j(r) = -6*r. Calculate j(t).
-6
Let w be 6/4*(-4 - -2). Let v = 7 + w. Let h(a) = -2*a**2 + 13*a - 3. Let g(k) = -k**2 + 6*k - 1. Let x(f) = -5*g(f) + 2*h(f). Give x(v).
-1
Let q(s) = s**2 - 4*s - 2. Let h = -21 + 25. Suppose 3*p + 2*g = 4*g + 54, -5*g + 17 = 2*p. Suppose -h*u + 0 + p = 0. Calculate q(u).
-2
Let w(c) be the third derivative of c**6/120 + c**5/15 - c**4/24 + 4*c**2. Determine w(-4).
4
Suppose -m = -4*a + 12, -2*m - 2 = a + 4. Let h = -2 - a. Let x(j) = j**2 + 2*j - 2. Calculate x(h).
6
Let p(n) be the second derivative of -n**3/3 + 2*n**2 - 3*n. Determine p(3).
-2
Let s(t) = -3*t + 1. Let x be (-1)/4 + (-9)/12. Let h(l) = l + 1. Let m be h(x). Let f be 1/(1/3 + m). Calculate s(f).
-8
Let p(u) be the third derivative of u**6/120 - u**5/12 + u**3/3 - 10*u**2. What is p(5)?
2
Suppose 5*q + 35 = 4*p, -5*p + q - 3 = -52. Suppose -14*s + p = -12*s. Let x(v) = v - 3. Give x(s).
2
Let z = 7 + -5. Suppose z*d = 2*y + 2, -5*d + 2*y + 13 = 5*y. Let g(j) = 0 + 2 - d*j - j**2 + 0 + 0*j. Give g(-4).
-6
Let c(n) be the second derivative of -n**3/6 + 11*n**2/2 + 11*n. Le